[INFO] cloning repository https://github.com/bethanylong/rush
[INFO] running `Command { std: "git" "-c" "credential.helper=" "-c" "credential.helper=/workspace/cargo-home/bin/git-credential-null" "clone" "--bare" "https://github.com/bethanylong/rush" "/workspace/cache/git-repos/https%3A%2F%2Fgithub.com%2Fbethanylong%2Frush", kill_on_drop: false }`
[INFO] [stderr] Cloning into bare repository '/workspace/cache/git-repos/https%3A%2F%2Fgithub.com%2Fbethanylong%2Frush'...
[INFO] running `Command { std: "git" "rev-parse" "HEAD", kill_on_drop: false }`
[INFO] [stdout] a8d7eb4d6cb89c5f4c5409d52772c1230fde2293
[INFO] checking bethanylong/rush against master#9610dfe5a9a731ced1ea4923ecbd0c57fe367898 for beta-170-4
[INFO] running `Command { std: "git" "clone" "/workspace/cache/git-repos/https%3A%2F%2Fgithub.com%2Fbethanylong%2Frush" "/workspace/builds/worker-6-tc1/source", kill_on_drop: false }`
[INFO] [stderr] Cloning into '/workspace/builds/worker-6-tc1/source'...
[INFO] [stderr] done.
[INFO] validating manifest of git repo https://github.com/bethanylong/rush on toolchain 9610dfe5a9a731ced1ea4923ecbd0c57fe367898
[INFO] running `Command { std: CARGO_HOME="/workspace/cargo-home" RUSTUP_HOME="/workspace/rustup-home" "/workspace/cargo-home/bin/cargo" "+9610dfe5a9a731ced1ea4923ecbd0c57fe367898" "metadata" "--manifest-path" "Cargo.toml" "--no-deps", kill_on_drop: false }`
[INFO] started tweaking git repo https://github.com/bethanylong/rush
[INFO] finished tweaking git repo https://github.com/bethanylong/rush
[INFO] tweaked toml for git repo https://github.com/bethanylong/rush written to /workspace/builds/worker-6-tc1/source/Cargo.toml
[INFO] crate git repo https://github.com/bethanylong/rush already has a lockfile, it will not be regenerated
[INFO] running `Command { std: CARGO_HOME="/workspace/cargo-home" RUSTUP_HOME="/workspace/rustup-home" "/workspace/cargo-home/bin/cargo" "+9610dfe5a9a731ced1ea4923ecbd0c57fe367898" "fetch" "--manifest-path" "Cargo.toml", kill_on_drop: false }`
[INFO] running `Command { std: "docker" "create" "-v" "/var/lib/crater-agent-workspace/builds/worker-6-tc1/target:/opt/rustwide/target:rw,Z" "-v" "/var/lib/crater-agent-workspace/builds/worker-6-tc1/source:/opt/rustwide/workdir:ro,Z" "-v" "/var/lib/crater-agent-workspace/cargo-home:/opt/rustwide/cargo-home:ro,Z" "-v" "/var/lib/crater-agent-workspace/rustup-home:/opt/rustwide/rustup-home:ro,Z" "-e" "SOURCE_DIR=/opt/rustwide/workdir" "-e" "CARGO_TARGET_DIR=/opt/rustwide/target" "-e" "CARGO_HOME=/opt/rustwide/cargo-home" "-e" "RUSTUP_HOME=/opt/rustwide/rustup-home" "-w" "/opt/rustwide/workdir" "-m" "1610612736" "--user" "0:0" "--network" "none" "ghcr.io/rust-lang/crates-build-env/linux@sha256:19e73879b68f455e41552ea35293514db52ea292d993f571636dbffedb77a1ee" "/opt/rustwide/cargo-home/bin/cargo" "+9610dfe5a9a731ced1ea4923ecbd0c57fe367898" "metadata" "--no-deps" "--format-version=1", kill_on_drop: false }`
[INFO] [stdout] aadee3c613335f5148bd280a5073db6539d1e25b374834ba72ec2818ae3969aa
[INFO] running `Command { std: "docker" "start" "-a" "aadee3c613335f5148bd280a5073db6539d1e25b374834ba72ec2818ae3969aa", kill_on_drop: false }`
[INFO] running `Command { std: "docker" "inspect" "aadee3c613335f5148bd280a5073db6539d1e25b374834ba72ec2818ae3969aa", kill_on_drop: false }`
[INFO] running `Command { std: "docker" "rm" "-f" "aadee3c613335f5148bd280a5073db6539d1e25b374834ba72ec2818ae3969aa", kill_on_drop: false }`
[INFO] [stdout] aadee3c613335f5148bd280a5073db6539d1e25b374834ba72ec2818ae3969aa
[INFO] running `Command { std: "docker" "create" "-v" "/var/lib/crater-agent-workspace/builds/worker-6-tc1/target:/opt/rustwide/target:rw,Z" "-v" "/var/lib/crater-agent-workspace/builds/worker-6-tc1/source:/opt/rustwide/workdir:ro,Z" "-v" "/var/lib/crater-agent-workspace/cargo-home:/opt/rustwide/cargo-home:ro,Z" "-v" "/var/lib/crater-agent-workspace/rustup-home:/opt/rustwide/rustup-home:ro,Z" "-e" "SOURCE_DIR=/opt/rustwide/workdir" "-e" "CARGO_TARGET_DIR=/opt/rustwide/target" "-e" "CARGO_INCREMENTAL=0" "-e" "RUST_BACKTRACE=full" "-e" "RUSTFLAGS=--cap-lints=forbid" "-e" "RUSTDOCFLAGS=--cap-lints=forbid" "-e" "CARGO_HOME=/opt/rustwide/cargo-home" "-e" "RUSTUP_HOME=/opt/rustwide/rustup-home" "-w" "/opt/rustwide/workdir" "-m" "1610612736" "--user" "0:0" "--network" "none" "ghcr.io/rust-lang/crates-build-env/linux@sha256:19e73879b68f455e41552ea35293514db52ea292d993f571636dbffedb77a1ee" "/opt/rustwide/cargo-home/bin/cargo" "+9610dfe5a9a731ced1ea4923ecbd0c57fe367898" "check" "--frozen" "--all" "--all-targets" "--message-format=json", kill_on_drop: false }`
[INFO] [stdout] 5c97cb0303b0105c041fc59f539a74a0268780f31bcde6ce65b8072237c4adfa
[INFO] running `Command { std: "docker" "start" "-a" "5c97cb0303b0105c041fc59f539a74a0268780f31bcde6ce65b8072237c4adfa", kill_on_drop: false }`
[INFO] [stderr]     Checking rush v0.0.1 (/opt/rustwide/workdir)
[INFO] [stdout] error[E0432]: unresolved import `std::io::Command`
[INFO] [stdout]   --> src/main.rs:35:9
[INFO] [stdout]    |
[INFO] [stdout] 35 |     use std::io::Command;
[INFO] [stdout]    |         ^^^^^^^^^^^^^^^^ no `Command` in `io`
[INFO] [stdout]    |
[INFO] [stdout] help: consider importing this struct instead
[INFO] [stdout]    |
[INFO] [stdout] 35 |     use std::process::Command;
[INFO] [stdout]    |         ~~~~~~~~~~~~~~~~~~~~~
[INFO] [stdout] 
[INFO] [stdout] 
[INFO] [stdout] error[E0432]: unresolved import `std::io::Command`
[INFO] [stdout]   --> src/main.rs:35:9
[INFO] [stdout]    |
[INFO] [stdout] 35 |     use std::io::Command;
[INFO] [stdout]    |         ^^^^^^^^^^^^^^^^ no `Command` in `io`
[INFO] [stdout]    |
[INFO] [stdout] help: consider importing this struct instead
[INFO] [stdout]    |
[INFO] [stdout] 35 |     use std::process::Command;
[INFO] [stdout]    |         ~~~~~~~~~~~~~~~~~~~~~
[INFO] [stdout] 
[INFO] [stdout] 
[INFO] [stdout] error[E0599]: no method named `split_str` found for struct `String` in the current scope
[INFO] [stdout]   --> src/main.rs:12:34
[INFO] [stdout]    |
[INFO] [stdout] 12 |     let split_vec: Vec<&str> = s.split_str(" ").filter(|p| !p.is_empty()).collect();
[INFO] [stdout]    |                                  ^^^^^^^^^ help: there is a method with a similar name: `split`
[INFO] [stdout] 
[INFO] [stdout] 
[INFO] [stdout] error[E0061]: this method takes 1 argument but 0 arguments were supplied
[INFO] [stdout]   --> src/main.rs:26:26
[INFO] [stdout]    |
[INFO] [stdout] 26 |                         .read_line()
[INFO] [stdout]    |                          ^^^^^^^^^-- an argument of type `&mut String` is missing
[INFO] [stdout]    |
[INFO] [stdout] note: method defined here
[INFO] [stdout]   --> /rustc/9610dfe5a9a731ced1ea4923ecbd0c57fe367898/library/std/src/io/stdio.rs:387:12
[INFO] [stdout] help: provide the argument
[INFO] [stdout]    |
[INFO] [stdout] 26 |                         .read_line(/* &mut String */)
[INFO] [stdout]    |                                   ~~~~~~~~~~~~~~~~~~~
[INFO] [stdout] 
[INFO] [stdout] 
[INFO] [stdout] error[E0599]: no method named `split_str` found for struct `String` in the current scope
[INFO] [stdout]   --> src/main.rs:12:34
[INFO] [stdout]    |
[INFO] [stdout] 12 |     let split_vec: Vec<&str> = s.split_str(" ").filter(|p| !p.is_empty()).collect();
[INFO] [stdout]    |                                  ^^^^^^^^^ help: there is a method with a similar name: `split`
[INFO] [stdout] 
[INFO] [stdout] 
[INFO] [stdout] error[E0061]: this method takes 1 argument but 0 arguments were supplied
[INFO] [stdout]   --> src/main.rs:26:26
[INFO] [stdout]    |
[INFO] [stdout] 26 |                         .read_line()
[INFO] [stdout]    |                          ^^^^^^^^^-- an argument of type `&mut String` is missing
[INFO] [stdout]    |
[INFO] [stdout] note: method defined here
[INFO] [stdout]   --> /rustc/9610dfe5a9a731ced1ea4923ecbd0c57fe367898/library/std/src/io/stdio.rs:387:12
[INFO] [stdout] help: provide the argument
[INFO] [stdout]    |
[INFO] [stdout] 26 |                         .read_line(/* &mut String */)
[INFO] [stdout]    |                                   ~~~~~~~~~~~~~~~~~~~
[INFO] [stdout] 
[INFO] [stdout] 
[INFO] [stdout] error[E0599]: no method named `trim` found for type `usize` in the current scope
[INFO] [stdout]   --> src/main.rs:30:15
[INFO] [stdout]    |
[INFO] [stdout] 30 |         input.trim().to_string()
[INFO] [stdout]    |               ^^^^ method not found in `usize`
[INFO] [stdout] 
[INFO] [stdout] 
[INFO] [stdout] error[E0599]: no method named `trim` found for type `usize` in the current scope
[INFO] [stdout]   --> src/main.rs:30:15
[INFO] [stdout]    |
[INFO] [stdout] 30 |         input.trim().to_string()
[INFO] [stdout]    |               ^^^^ method not found in `usize`
[INFO] [stdout] 
[INFO] [stdout] 
[INFO] [stdout] error: aborting due to 4 previous errors
[INFO] [stdout] 
[INFO] [stdout] 
[INFO] [stdout] error: aborting due to 4 previous errors
[INFO] [stdout] 
[INFO] [stdout] 
[INFO] [stdout] Some errors have detailed explanations: E0061, E0432, E0599.
[INFO] [stdout] 
[INFO] [stdout] Some errors have detailed explanations: E0061, E0432, E0599.
[INFO] [stdout] 
[INFO] [stdout] For more information about an error, try `rustc --explain E0061`.
[INFO] [stdout] 
[INFO] [stdout] For more information about an error, try `rustc --explain E0061`.
[INFO] [stdout] 
[INFO] [stderr] error: could not compile `rush` (bin "rush" test) due to 5 previous errors
[INFO] [stderr] warning: build failed, waiting for other jobs to finish...
[INFO] [stderr] error: could not compile `rush` (bin "rush") due to 5 previous errors
[INFO] running `Command { std: "docker" "inspect" "5c97cb0303b0105c041fc59f539a74a0268780f31bcde6ce65b8072237c4adfa", kill_on_drop: false }`
[INFO] running `Command { std: "docker" "rm" "-f" "5c97cb0303b0105c041fc59f539a74a0268780f31bcde6ce65b8072237c4adfa", kill_on_drop: false }`
[INFO] [stdout] 5c97cb0303b0105c041fc59f539a74a0268780f31bcde6ce65b8072237c4adfa
